r + 4019. Determine a(-19).
29
Let c(g) = g**3 - 13*g**2 - 13*g - 66. Calculate c(14).
-52
Let s(v) = 6*v**2 + v + 217. Determine s(0).
217
Let x(c) = c**2 - 23*c + 17. What is x(23)?
17
Let o(c) = 53*c**3 - c**2 + 3*c - 1. Calculate o(1).
54
Let i(n) = -16*n**2 + 1459*n - 1715. Determine i(90).
-5
Let i(j) = 82*j + 17. What is i(-2)?
-147
Let t(s) = -s**2 + 4*s + 49. Give t(-15).
-236
Let h(j) = 75*j + 773. Calculate h(-10).
23
Let a(c) = -c**3 - 29*c**2 + 30*c - 50. Give a(-30).
-50
Let o(w) = 10*w**3 + 2*w**2 + w - 9. Calculate o(-3).
-264
Let t(h) = -3*h**2 - 87*h + 464. Give t(5).
-46
Let l(z) = z**3 - 29*z**2 - 37*z - 246. Calculate l(31).
529
Let z(i) = -i**3 + 8*i**2 + 20*i - 67. What is z(9)?
32
Let v(d) = -181*d - 2035. Give v(-11).
-44
Let z(r) = -r**2 + 97*r - 1294. What is z(81)?
2
Let k(a) = a**2 - 16*a - 5563. Calculate k(-67).
-2
Let t(z) = -z**3 + 172*z**2 - 842*z + 15. What is t(5)?
-20
Let y(l) = 38*l**2 - 74*l - 6. What is y(2)?
-2
Let f(r) = 6*r**2 + 130*r + 34. What is f(-21)?
-50
Let s(r) = -10*r + 72. Determine s(7).
2
Let q(w) = -2*w**3 + 17*w**2 - 25*w + 39. What is q(7)?
11
Let c(k) = 809*k**2 + 814*k - 2. Determine c(-1).
-7
Let m(f) = 54*f + 2094. What is m(-40)?
-66
Let s(v) = -v**3 - 7*v**2 + 7*v - 1. Determine s(-8).
7
Let y(c) = -11*c**3 - 563*c**2 - 125*c - 1175. Calculate y(-51).
-2
Let o(w) = w**2 - 16*w - 78. Calculate o(18).
-42
Let c(v) = v**3 + 9*v**2 + 3*v - 70. Give c(-8).
-30
Let f(y) = -2*y**3 - 42*y**2 + y + 99. Determine f(-21).
78
Let p(t) = 512*t + 4632. Give p(-9).
24
Let l(d) = -d**3 + 20*d**2 - 72*d + 33. Determine l(12).
321
Let p(c) = 4*c**2 - 274*c + 1891. What is p(7)?
169
Let q(b) = b**3 - 13*b**2 + 46*b - 127. Give q(10).
33
Let r(f) = -f**3 - 37*f**2 + 35*f - 459. Calculate r(-38).
-345
Let d(n) = -4*n**2 - 85*n + 67. Determine d(-22).
1
Let t(c) = 20*c - 334. Give t(26).
186
Let x(k) = -6*k - 17. What is x(-11)?
49
Let i(r) = -r**2 + 326*r + 2005. What is i(-6)?
13
Let h(m) = -2483*m - 2455. What is h(-1)?
28
Let v(s) = 2*s**2 - 389*s - 2845. Calculate v(-7).
-24
Let n(q) = 8*q**2 - 83*q + 176. What is n(2)?
42
Let q(b) = 5*b**2 + 171*b + 202. What is q(-33)?
4
Let h(c) = -62*c**2 - 375*c - 7. Determine h(-6).
11
Let k(m) = -2*m**3 + 11*m**2 - 11*m - 7. Calculate k(2).
-1
Let c(d) = -d**3 - 3*d**2 - 94*d - 277. Give c(-3).
5
Let x(t) = -40*t + 145. Determine x(10).
-255
Let j(u) = 7*u**2 + 19*u + 5. Determine j(-2).
-5
Let i(w) = 8*w**2 - 19*w - 49. Give i(-7).
476
Let f(v) = -4*v + 1. Calculate f(7).
-27
Let c(k) = -8*k**3 + 5*k**2 - 25*k + 26. Give c(3).
-220
Let l(h) = 5*h**3 - 13*h**2 - 19*h + 139. Give l(5).
344
Let f(m) = -m**3 + 17*m**2 + 13*m + 94. Calculate f(18).
4
Let d(s) = 41*s + 40. Calculate d(2).
122
Let r(t) = t**3 - 9*t**2 + 7*t + 46. Give r(8).
38
Let c(r) = -r**3 + 95*r**2 + 294*r + 11. Give c(-3).
11
Let a(k) = -5*k**3 - 4*k**2 - 7*k - 2. Determine a(-2).
36
Let l(s) = s**2 + 123*s + 3683. Determine l(-73).
33
Let s(j) = -18*j**3 - 4*j**2 - 57*j - 54. Calculate s(-1).
17
Let d(t) = -52*t**2 - 2*t - 8. Determine d(-1).
-58
Let q(c) = c**2 - 411*c - 2930. Determine q(-7).
-4
Let p(q) = -2*q**2 + 13*q + 18. Give p(10).
-52
Let j(t) = t**2 - 4*t + 52. Calculate j(6).
64
Let v(q) = 45*q**2 - 838*q - 249. Calculate v(19).
74
Let u(f) = -f**3 - 195*f**2 - 2348*f + 3279. Calculate u(-182).
3
Let l(j) = j**2 + 14*j - 222. Give l(-23).
-15
Let d(u) = -5*u**2 + 69*u + 29. Give d(14).
15
Let t(g) = 2*g - 38. Give t(10).
-18
Let j(o) = -14*o**2 + 353*o - 137. What is j(25)?
-62
Let w(g) = 3*g**3 + 13*g**2 - 172*g - 6. Calculate w(-10).
14
Let i(f) = f**2 + 87*f - 9. Determine i(0).
-9
Let s(a) = -217*a**3 + 10*a**2 - 10*a - 2. Give s(1).
-219
Let q(r) = -r**3 - 43*r**2 + 684*r + 4869. Determine q(-54).
9
Let o(u) = -22*u**3 + 4*u**2 + 9*u + 5. Give o(-2).
179
Let p(s) = 7*s**2 - 144*s + 22. Give p(19).
-187
Let v(m) = -m**3 - 7*m**2 + 78*m + 15. Give v(6).
15
Let v(d) = 66386*d - 3. Give v(0).
-3
Let j(t) = -8*t**2 - 117*t - 257. What is j(-12)?
-5
Let d(z) = -z**3 + 51*z**2 + 169*z - 270. Give d(54).
108
Let l(q) = 55*q**2 - 276*q + 6. Calculate l(5).
1
Let t(f) = f - 31. What is t(28)?
-3
Let m(k) = -k**3 + 4*k**2 + 29*k - 320. Calculate m(-7).
16
Let b(g) = -g**2 + 19*g - 14. Give b(-6).
-164
Let x(y) = -4*y**3 - 17*y**2 + 14*y - 8. Give x(-5).
-3
Let n(j) = 11*j**2 - 49*j - 3. Give n(4).
-23
Let j(s) = 25*s + 1136. Give j(-46).
-14
Let t(k) = k**2 - 8*k + 15. Determine t(-7).
120
Let v(j) = -51*j - 3133. Give v(-72).
539
Let v(j) = 29*j**2 - 24*j - 35. Determine v(-2).
129
Let d(w) = 3*w**3 - 17*w**2 + 109*w - 22. Calculate d(7).
937
Let i(h) = 16*h - 62. What is i(33)?
466
Let q(f) = 13*f - 341. What is q(36)?
127
Let c(g) = g**3 - 18*g**2 + 14*g + 307. What is c(16)?
19
Let o(b) = b**3 - 3*b**2 + 21*b - 309. What is o(0)?
-309
Let t(f) = -f**2 - 8*f + 1365. Calculate t(-41).
12
Let x(g) = -5*g**3 + 45*g**2 + 25*g - 208. What is x(9)?
17
Let h(u) = -2*u**3 - 44*u**2 + 44*u - 43. Give h(-23).
3
Let h(g) = -21*g - 1473. Calculate h(-70).
-3
Let z(p) = -3*p**2 - 47*p + 226. Determine z(-22).
-192
Let k(x) = -x**3 + 10*x**2 + 79*x + 69. Calculate k(16).
-203
Let t(m) = m**2 - 49*m + 788. Determine t(33).
260
Let a(r) = -r**2 - 6*r + 197. Calculate a(10).
37
Let p(x) = x**3 + 32*x**2 - 33*x + 65. Calculate p(-33).
65
Let c(w) = -w**3 - 23*w**2 + 245*w - 102. What is c(-31)?
-9
Let n(p) = 4*p**3 + 332*p**2 + p + 59. Calculate n(-83).
-24
Let f(q) = -12139*q - 145674. What is f(-12)?
-6
Let c(k) = -k**2 - 7*k - 29. Give c(-12).
-89
Let v(l) = -l**3 + 2*l**2 + 46*l + 33. Determine v(9).
-120
Let s(f) = 5*f**2 + 25*f - 70. Give s(-13).
450
Let y(p) = 5*p - 73. Give y(-6).
-103
Let i(f) = f**2 + 1020*f - 10408. What is i(10)?
-108
Let q(f) = 2956*f + 11821. Calculate q(-4).
-3
Let g(h) = -h**2 - 47*h - 533. Calculate g(-29).
-11
Let w(z) = 74*z - 1192. What is w(17)?
66
Let x(p) = -2*p**2 - 138*p - 552. Give x(-65).
-32
Let n(c) = 23*c + 2249. Calculate n(-98).
-5
Let p(o) = -202*o - 1004. Give p(-5).
6
Let i(z) = -z**3 - 25*z**2 + 29*z + 72. Calculate i(-26).
-6
Let r(m) = -16*m + 67. Determine r(-1).
83
Let r(q) = -q**3 + 2*q**2 + 44*q - 23. Calculate r(-6).
1
Let r(m) = -8*m**2 - 76*m - 166. Determine r(-7).
-26
Let n(d) = 49*d + 217. Calculate n(-4).
21
Let r(a) = a**3 - 14*a**2 - 175*a + 11. What is r(-8)?
3
Let r(f) = -766*f - 7654. What is r(-10)?
6
Let v(b) = 3*b**2 + 90*b + 650. Give v(-8).
122
Let i(m) = m**3 - 4*m**2 - 43*m - 9. Calculate i(7).
-163
Let w(g) = -g**2 - 345*g - 9169. Calculate w(-29).
-5
Let k(n) = -2*n**2 + 294*n + 5281. Calculate k(-16).
65
Let h(o) = -o**3 - 44*o**2 - 444*o - 17239. Give h(-43).
4
Let k(l) = l**3 + 3*l**2 - 22*l + 41. What is k(-7)?
-1
Let f(y) = -2*y**2 - 4*y - 353. Give f(0).
-353
Let i(x) = 148*x - 2605. Give i(18).
59
Let z(i) = i**3 + 177*i**2 - 1091*i + 1290. Determine z(-183).
9
Let u(l) = 633*l + 6327. What is u(-10)?
-3
Let j(l) = -3*l**3 + 9*l**2 - 5*l - 2. Calculate j(2).
0
Let y(g) = 170*g + 12010. Give y(-71).
-60
Let q(x) = -7*x**2 - 178*x + 1712. What is q(9)?
-457
Let b(z) = 407*z - 8654. Determine b(21).
-107
Let q(o) = o**3 + 2*o**2 - 4*o + 42. What is q(-5)?
-13
Let h(w) = -w**2 - 26*w + 18. Calculate h(-6).
138
Let r(g) = -695*g - 20860. What is r(-30)?
-10
Let y(p) = -p**2 + 52*p - 522. Determine y(13).
-15
Let j(v) = -66*v**2 + 25*v - 10. Determine j(1).
-51
Let y(c) = -6150*c - 10. Determine y(0).
-10
Let b(f) = 30*f - 570. Give b(17).
-60
Let h(r) = -5*r**3 + 15*r**2 - r + 4. What is h(3)?
1
Let d(w) = -595*w + 1180. Calculate d(2).
-10
Let h(a) = -492*a + 91994. Give h(187).
-10
Let w(a) = 1325*a + 182846. Determine w(-138).
-4
Let x(k) = -11025*k - 44093. What is x(-4)?
7
Let p(i) = i**3 - 25*i - 7. Determine p(-7).
-175
Let d(x) = -509*x + 2545. Calculate d(5).
0
Let b(y) = 3*y**2 + 16*y - 23. Give b(7).
236
Let c(t) = t**2 + 164*t - 13158. Calculate c(59).
-1
Let t(u) = -6*u - 760. Give t(-126).
-4
Let f(h) = -9*h**2 - 12*h + 218. Give f(8).
-454
Let m(j) = -2*j**2 + 10*j + 505. What is m(16)?
153
Let q(x) = 12*x - 469. What is q(36)?
-37
Let h(o) = 15*o + 506. Calculate h(-37).
-49
Let z(t) = -16*t - 734. What is z(-46)?
2
Let h(j) = j**3 + 8*j**2 + 6*j + 151. What is h(-9)?
16
Let c(u) = 21*u - 500. Cal